{"id":1619,"date":"2026-01-16T16:31:27","date_gmt":"2026-01-16T16:31:27","guid":{"rendered":"https:\/\/eijiro-z.fr\/?page_id=1619"},"modified":"2026-02-11T13:43:18","modified_gmt":"2026-02-11T13:43:18","slug":"silence-violence","status":"publish","type":"page","link":"https:\/\/eijiro-z.fr\/index.php\/silence-violence\/","title":{"rendered":"SILENCE VIOLENCE"},"content":{"rendered":"\t\t<div data-elementor-type=\"wp-page\" data-elementor-id=\"1619\" class=\"elementor elementor-1619\">\n\t\t\t\t<div class=\"elementor-element elementor-element-99ed75e e-flex e-con-boxed e-con e-parent\" data-id=\"99ed75e\" data-element_type=\"container\" data-e-type=\"container\">\n\t\t\t\t\t<div class=\"e-con-inner\">\n\t\t<div class=\"elementor-element elementor-element-72f86567 e-con-full e-flex e-con e-child\" data-id=\"72f86567\" data-element_type=\"container\" data-e-type=\"container\">\n\t\t\t\t<div class=\"elementor-element elementor-element-7f203a7 elementor-widget elementor-widget-video\" data-id=\"7f203a7\" data-element_type=\"widget\" data-e-type=\"widget\" data-settings=\"{&quot;video_type&quot;:&quot;hosted&quot;,&quot;autoplay&quot;:&quot;yes&quot;,&quot;play_on_mobile&quot;:&quot;yes&quot;,&quot;mute&quot;:&quot;yes&quot;,&quot;loop&quot;:&quot;yes&quot;}\" data-widget_type=\"video.default\">\n\t\t\t\t\t\t\t<div class=\"e-hosted-video elementor-wrapper elementor-open-inline\">\n\t\t\t\t\t<video class=\"elementor-video\" src=\"http:\/\/eijiro-z.fr\/wp-content\/uploads\/2026\/01\/silence_violence_3.mp4\" autoplay=\"\" loop=\"\" muted=\"muted\" playsinline=\"\" controlsList=\"nodownload\"><\/video>\n\t\t\t\t<\/div>\n\t\t\t\t\t\t<\/div>\n\t\t\t\t<\/div>\n\t\t<div class=\"elementor-element elementor-element-6d9db950 e-con-full e-flex e-con e-child\" data-id=\"6d9db950\" data-element_type=\"container\" data-e-type=\"container\">\n\t\t\t\t<div class=\"elementor-element elementor-element-78cd2662 elementor-widget elementor-widget-heading\" data-id=\"78cd2662\" data-element_type=\"widget\" data-e-type=\"widget\" data-widget_type=\"heading.default\">\n\t\t\t\t\t<h1 class=\"elementor-heading-title elementor-size-default\">Silence<br>Violence<\/h1>\t\t\t\t<\/div>\n\t\t\t\t<div class=\"elementor-element elementor-element-1897f274 elementor-widget elementor-widget-heading\" data-id=\"1897f274\" data-element_type=\"widget\" data-e-type=\"widget\" data-widget_type=\"heading.default\">\n\t\t\t\t\t<h2 class=\"elementor-heading-title elementor-size-default\">[ Figma ] 2025<\/h2>\t\t\t\t<\/div>\n\t\t\t\t<div class=\"elementor-element elementor-element-719a682f elementor-widget elementor-widget-heading\" data-id=\"719a682f\" data-element_type=\"widget\" data-e-type=\"widget\" data-widget_type=\"heading.default\">\n\t\t\t\t\t<h6 class=\"elementor-heading-title elementor-size-default\">GraphZine engag\u00e9<\/h6>\t\t\t\t<\/div>\n\t\t\t\t<div class=\"elementor-element elementor-element-6c4b5942 elementor-widget elementor-widget-heading\" data-id=\"6c4b5942\" data-element_type=\"widget\" data-e-type=\"widget\" data-widget_type=\"heading.default\">\n\t\t\t\t\t<h6 class=\"elementor-heading-title elementor-size-default\">Le but \u00e9tait de cr\u00e9er un Graphzine num\u00e9rique sur un sujet tabou, choquant et\/ou controvers\u00e9 afin qu'il ne puisse pas \u00eatre diffus\u00e9 dans les m\u00e9dias traditionnels et donc r\u00e9fl\u00e9chir \u00e0 son moyen de diffusion.<\/h6>\t\t\t\t<\/div>\n\t\t<div class=\"elementor-element elementor-element-68ce5fe e-grid e-con-full e-con e-child\" data-id=\"68ce5fe\" data-element_type=\"container\" data-e-type=\"container\">\n\t\t\t\t<div class=\"elementor-element elementor-element-11a49d8 elementor-widget elementor-widget-image\" data-id=\"11a49d8\" data-element_type=\"widget\" data-e-type=\"widget\" data-widget_type=\"image.default\">\n\t\t\t\t\t\t\t\t\t\t\t\t\t\t\t<img fetchpriority=\"high\" decoding=\"async\" width=\"768\" height=\"904\" src=\"https:\/\/eijiro-z.fr\/wp-content\/uploads\/2026\/01\/Fig-9-768x904.png\" class=\"attachment-medium_large size-medium_large wp-image-1633\" alt=\"\" srcset=\"https:\/\/eijiro-z.fr\/wp-content\/uploads\/2026\/01\/Fig-9-768x904.png 768w, https:\/\/eijiro-z.fr\/wp-content\/uploads\/2026\/01\/Fig-9-255x300.png 255w, https:\/\/eijiro-z.fr\/wp-content\/uploads\/2026\/01\/Fig-9-870x1024.png 870w\" sizes=\"(max-width: 768px) 100vw, 768px\" \/>\t\t\t\t\t\t\t\t\t\t\t\t\t\t\t<\/div>\n\t\t\t\t<div class=\"elementor-element elementor-element-0622096 elementor-widget elementor-widget-image\" data-id=\"0622096\" data-element_type=\"widget\" data-e-type=\"widget\" data-widget_type=\"image.default\">\n\t\t\t\t\t\t\t\t\t\t\t\t\t\t\t<img decoding=\"async\" width=\"601\" height=\"1024\" src=\"https:\/\/eijiro-z.fr\/wp-content\/uploads\/2026\/01\/Fig-6-601x1024.png\" class=\"attachment-large size-large wp-image-1641\" alt=\"\" srcset=\"https:\/\/eijiro-z.fr\/wp-content\/uploads\/2026\/01\/Fig-6-601x1024.png 601w, https:\/\/eijiro-z.fr\/wp-content\/uploads\/2026\/01\/Fig-6-176x300.png 176w, https:\/\/eijiro-z.fr\/wp-content\/uploads\/2026\/01\/Fig-6-768x1308.png 768w, https:\/\/eijiro-z.fr\/wp-content\/uploads\/2026\/01\/Fig-6-scaled.png 1503w\" sizes=\"(max-width: 601px) 100vw, 601px\" \/>\t\t\t\t\t\t\t\t\t\t\t\t\t\t\t<\/div>\n\t\t\t\t<div class=\"elementor-element elementor-element-f91301e elementor-widget elementor-widget-image\" data-id=\"f91301e\" data-element_type=\"widget\" data-e-type=\"widget\" data-widget_type=\"image.default\">\n\t\t\t\t\t\t\t\t\t\t\t\t\t\t\t<img decoding=\"async\" width=\"1154\" height=\"1536\" src=\"https:\/\/eijiro-z.fr\/wp-content\/uploads\/2026\/01\/Fig-10-1154x1536.png\" class=\"attachment-1536x1536 size-1536x1536 wp-image-1664\" alt=\"\" srcset=\"https:\/\/eijiro-z.fr\/wp-content\/uploads\/2026\/01\/Fig-10-1154x1536.png 1154w, https:\/\/eijiro-z.fr\/wp-content\/uploads\/2026\/01\/Fig-10-225x300.png 225w, https:\/\/eijiro-z.fr\/wp-content\/uploads\/2026\/01\/Fig-10-770x1024.png 770w, https:\/\/eijiro-z.fr\/wp-content\/uploads\/2026\/01\/Fig-10-768x1022.png 768w, https:\/\/eijiro-z.fr\/wp-content\/uploads\/2026\/01\/Fig-10.png 1443w\" sizes=\"(max-width: 1154px) 100vw, 1154px\" \/>\t\t\t\t\t\t\t\t\t\t\t\t\t\t\t<\/div>\n\t\t\t\t<\/div>\n\t\t\t\t<\/div>\n\t\t\t\t\t<\/div>\n\t\t\t\t<\/div>\n\t\t<div class=\"elementor-element elementor-element-1fc4b7c e-grid e-con-boxed e-con e-parent\" data-id=\"1fc4b7c\" data-element_type=\"container\" data-e-type=\"container\">\n\t\t\t\t\t<div class=\"e-con-inner\">\n\t\t<div class=\"elementor-element elementor-element-ac5162d e-con-full e-flex e-con e-child\" data-id=\"ac5162d\" data-element_type=\"container\" data-e-type=\"container\">\n\t\t\t\t<div class=\"elementor-element elementor-element-8f516bd elementor-widget elementor-widget-heading\" data-id=\"8f516bd\" data-element_type=\"widget\" data-e-type=\"widget\" data-widget_type=\"heading.default\">\n\t\t\t\t\t<h6 class=\"elementor-heading-title elementor-size-default\"><span style=\"letter-spacing: 0.2px\">Ici, j'ai travaill\u00e9 mes <b>dessins \u00e0 la main<\/b> puis je les ai retouch\u00e9s sur <b>Photoshop <\/b>comme mes images perso afin de donner un effet \u00e0 la fois brut <i>(texture, trac\u00e9 grossier\/tremblant, seuil, gris optique<\/i>) et<b> \u00e9trangement nostalgique<\/b>, interne \u00e0 soi, figuratif\/abstrait, en bref un souvenir ind\u00e9finissable <\/span><\/h6>\t\t\t\t<\/div>\n\t\t\t\t<\/div>\n\t\t\t\t\t<\/div>\n\t\t\t\t<\/div>\n\t\t<div class=\"elementor-element elementor-element-a163d1d e-grid e-con-boxed e-con e-parent\" data-id=\"a163d1d\" data-element_type=\"container\" data-e-type=\"container\">\n\t\t\t\t\t<div class=\"e-con-inner\">\n\t\t<div class=\"elementor-element elementor-element-d913444 e-con-full e-flex e-con e-child\" data-id=\"d913444\" data-element_type=\"container\" data-e-type=\"container\">\n\t\t\t\t<div class=\"elementor-element elementor-element-7048781 elementor-widget elementor-widget-heading\" data-id=\"7048781\" data-element_type=\"widget\" data-e-type=\"widget\" data-widget_type=\"heading.default\">\n\t\t\t\t\t<h2 class=\"elementor-heading-title elementor-size-default\">Assets retouch\u00e9s<\/h2>\t\t\t\t<\/div>\n\t\t\t\t<\/div>\n\t\t\t\t\t<\/div>\n\t\t\t\t<\/div>\n\t\t<div class=\"elementor-element elementor-element-c6edcad e-flex e-con-boxed e-con e-parent\" data-id=\"c6edcad\" data-element_type=\"container\" data-e-type=\"container\">\n\t\t\t\t\t<div class=\"e-con-inner\">\n\t\t\t\t<div class=\"elementor-element elementor-element-1ea06d6 elementor-skin-masonry elementor-widget elementor-widget-advanced_image_gallery\" data-id=\"1ea06d6\" data-element_type=\"widget\" data-e-type=\"widget\" data-settings=\"{&quot;skin&quot;:&quot;masonry&quot;,&quot;masonry_gutter&quot;:{&quot;unit&quot;:&quot;px&quot;,&quot;size&quot;:44,&quot;sizes&quot;:[]},&quot;masonry_gutter_mobile&quot;:{&quot;unit&quot;:&quot;px&quot;,&quot;size&quot;:0,&quot;sizes&quot;:[]},&quot;masonry_columns&quot;:&quot;3&quot;,&quot;masonry_gutter_widescreen&quot;:{&quot;unit&quot;:&quot;px&quot;,&quot;size&quot;:&quot;&quot;,&quot;sizes&quot;:[]},&quot;masonry_gutter_tablet&quot;:{&quot;unit&quot;:&quot;px&quot;,&quot;size&quot;:&quot;&quot;,&quot;sizes&quot;:[]}}\" data-widget_type=\"advanced_image_gallery.default\">\n\t\t\t\t<div class=\"elementor-widget-container\">\n\t\t\t\t\t<div id=\"gallery_69d51d6127086\" class=\"zlfms-image-gallery zlfms-masonry-gallery\"><div class=\"zlfms_gallery\"><div class=\"zlfms-gallery-item\" data-width=\"1810\" data-height=\"2560\"><div class=\"zlfms-gallery-img\" data-ratio=\"141.4365\" style=\"padding-bottom: 141.4365%; background-image: url('http:\/\/eijiro-z.fr\/wp-content\/uploads\/2026\/01\/bb-jiji-detoure-scaled.png');\" role=\"img\" aria-label=\"bb jiji detoure\"><\/div><\/div><div class=\"zlfms-gallery-item\" data-width=\"1016\" data-height=\"969\"><div class=\"zlfms-gallery-img\" data-ratio=\"95.3740\" style=\"padding-bottom: 95.3740%; background-image: url('http:\/\/eijiro-z.fr\/wp-content\/uploads\/2026\/01\/Fig-1.png');\" role=\"img\" aria-label=\"SV_01\"><\/div><\/div><div class=\"zlfms-gallery-item\" data-width=\"1030\" data-height=\"1036\"><div class=\"zlfms-gallery-img\" data-ratio=\"100.5825\" style=\"padding-bottom: 100.5825%; background-image: url('http:\/\/eijiro-z.fr\/wp-content\/uploads\/2026\/01\/Fig-5.png');\" role=\"img\" aria-label=\"SV_02\"><\/div><\/div><div class=\"zlfms-gallery-item\" data-width=\"1013\" data-height=\"1299\"><div class=\"zlfms-gallery-img\" data-ratio=\"128.2330\" style=\"padding-bottom: 128.2330%; background-image: url('http:\/\/eijiro-z.fr\/wp-content\/uploads\/2026\/01\/Fig-3.png');\" role=\"img\" aria-label=\"SV_03\"><\/div><\/div><div class=\"zlfms-gallery-item\" data-width=\"610\" data-height=\"1740\"><div class=\"zlfms-gallery-img\" data-ratio=\"285.2459\" style=\"padding-bottom: 285.2459%; background-image: url('http:\/\/eijiro-z.fr\/wp-content\/uploads\/2026\/01\/Fig-8-scaled-e1768582095772.png');\" role=\"img\" aria-label=\"SV_05\"><\/div><\/div><div class=\"zlfms-gallery-item\" data-width=\"1005\" data-height=\"1744\"><div class=\"zlfms-gallery-img\" data-ratio=\"173.5323\" style=\"padding-bottom: 173.5323%; background-image: url('http:\/\/eijiro-z.fr\/wp-content\/uploads\/2026\/01\/Fig-4.png');\" role=\"img\" aria-label=\"SV_04\"><\/div><\/div><div class=\"zlfms-gallery-item\" data-width=\"992\" data-height=\"998\"><div class=\"zlfms-gallery-img\" data-ratio=\"100.6048\" style=\"padding-bottom: 100.6048%; background-image: url('http:\/\/eijiro-z.fr\/wp-content\/uploads\/2026\/01\/Fig-2.png');\" role=\"img\" aria-label=\"SV_06\"><\/div><\/div><div class=\"zlfms-gallery-item\" data-width=\"2560\" data-height=\"2323\"><div class=\"zlfms-gallery-img\" data-ratio=\"90.7422\" style=\"padding-bottom: 90.7422%; background-image: url('http:\/\/eijiro-z.fr\/wp-content\/uploads\/2026\/01\/Fig-7-scaled.png');\" role=\"img\" aria-label=\"Fig 7\"><\/div><\/div><div class=\"zlfms-gallery-item\" data-width=\"1801\" data-height=\"2560\"><div class=\"zlfms-gallery-img\" data-ratio=\"142.1433\" style=\"padding-bottom: 142.1433%; background-image: url('http:\/\/eijiro-z.fr\/wp-content\/uploads\/2026\/01\/Avant-la-2e-scaled.png');\" role=\"img\" aria-label=\"Avant la 2e\"><\/div><\/div><div class=\"zlfms-gallery-item\" data-width=\"362\" data-height=\"226\"><div class=\"zlfms-gallery-img\" data-ratio=\"62.4309\" style=\"padding-bottom: 62.4309%; background-image: url('http:\/\/eijiro-z.fr\/wp-content\/uploads\/2026\/01\/Silence-violence.png');\" role=\"img\" aria-label=\"Silence violence\"><\/div><\/div><\/div><\/div>\t\t\t\t<\/div>\n\t\t\t\t<\/div>\n\t\t\t\t\t<\/div>\n\t\t\t\t<\/div>\n\t\t<div class=\"elementor-element elementor-element-31a6b4a3 e-flex e-con-boxed e-con e-parent\" data-id=\"31a6b4a3\" data-element_type=\"container\" data-e-type=\"container\">\n\t\t\t\t\t<div class=\"e-con-inner\">\n\t\t<div class=\"elementor-element elementor-element-2478d2c7 e-con-full e-flex e-con e-child\" data-id=\"2478d2c7\" data-element_type=\"container\" data-e-type=\"container\">\n\t\t\t\t<div class=\"elementor-element elementor-element-492c5f9b elementor-widget elementor-widget-button\" data-id=\"492c5f9b\" data-element_type=\"widget\" data-e-type=\"widget\" data-widget_type=\"button.default\">\n\t\t\t\t\t\t\t\t\t\t<a class=\"elementor-button elementor-button-link elementor-size-sm\" href=\"https:\/\/eijiro-z.fr\/index.php\/au-dela-du-reel\/\">\n\t\t\t\t\t\t<span class=\"elementor-button-content-wrapper\">\n\t\t\t\t\t\t\t\t\t<span class=\"elementor-button-text\">Au-del\u00e0 du r\u00e9el<\/span>\n\t\t\t\t\t<\/span>\n\t\t\t\t\t<\/a>\n\t\t\t\t\t\t\t\t<\/div>\n\t\t\t\t<\/div>\n\t\t<div class=\"elementor-element elementor-element-5a730369 e-con-full e-flex e-con e-child\" data-id=\"5a730369\" data-element_type=\"container\" data-e-type=\"container\">\n\t\t\t\t<div class=\"elementor-element elementor-element-ebb5ea0 elementor-widget elementor-widget-image\" data-id=\"ebb5ea0\" data-element_type=\"widget\" data-e-type=\"widget\" data-widget_type=\"image.default\">\n\t\t\t\t\t\t\t\t\t\t\t\t\t\t\t\t<a href=\"https:\/\/eijiro-z.fr\/index.php\/projet-2\/\">\n\t\t\t\t\t\t\t<img loading=\"lazy\" decoding=\"async\" width=\"150\" height=\"150\" src=\"https:\/\/eijiro-z.fr\/wp-content\/uploads\/2026\/01\/Voir_nr-150x150.png\" class=\"elementor-animation-grow-rotate attachment-thumbnail size-thumbnail wp-image-2208\" alt=\"\" srcset=\"https:\/\/eijiro-z.fr\/wp-content\/uploads\/2026\/01\/Voir_nr-150x150.png 150w, https:\/\/eijiro-z.fr\/wp-content\/uploads\/2026\/01\/Voir_nr-300x300.png 300w, https:\/\/eijiro-z.fr\/wp-content\/uploads\/2026\/01\/Voir_nr.png 720w\" sizes=\"(max-width: 150px) 100vw, 150px\" \/>\t\t\t\t\t\t\t\t<\/a>\n\t\t\t\t\t\t\t\t\t\t\t\t\t\t\t<\/div>\n\t\t\t\t<\/div>\n\t\t<div class=\"elementor-element elementor-element-5854d29 e-con-full e-flex e-con e-child\" data-id=\"5854d29\" data-element_type=\"container\" data-e-type=\"container\">\n\t\t\t\t<div class=\"elementor-element elementor-element-29e20d4f elementor-align-center elementor-widget elementor-widget-button\" data-id=\"29e20d4f\" data-element_type=\"widget\" data-e-type=\"widget\" data-widget_type=\"button.default\">\n\t\t\t\t\t\t\t\t\t\t<a class=\"elementor-button elementor-button-link elementor-size-sm\" href=\"https:\/\/eijiro-z.fr\/index.php\/jpo-lmd-26\/\">\n\t\t\t\t\t\t<span class=\"elementor-button-content-wrapper\">\n\t\t\t\t\t\t\t\t\t<span class=\"elementor-button-text\">JPO LMD 2026<\/span>\n\t\t\t\t\t<\/span>\n\t\t\t\t\t<\/a>\n\t\t\t\t\t\t\t\t<\/div>\n\t\t\t\t<\/div>\n\t\t\t\t\t<\/div>\n\t\t\t\t<\/div>\n\t\t\t\t<\/div>\n\t\t","protected":false},"excerpt":{"rendered":"<p>http:\/\/eijiro-z.fr\/wp-content\/uploads\/2026\/01\/silence_violence_3.mp4 SilenceViolence [ Figma ] 2025 GraphZine engag\u00e9 Le but \u00e9tait de cr\u00e9er un Graphzine num\u00e9rique sur un sujet tabou, [&hellip;]<\/p>\n","protected":false},"author":1,"featured_media":0,"parent":0,"menu_order":0,"comment_status":"closed","ping_status":"closed","template":"","meta":{"site-sidebar-layout":"no-sidebar","site-content-layout":"","ast-site-content-layout":"full-width-container","site-content-style":"default","site-sidebar-style":"default","ast-global-header-display":"","ast-banner-title-visibility":"disabled","ast-main-header-display":"","ast-hfb-above-header-display":"","ast-hfb-below-header-display":"","ast-hfb-mobile-header-display":"","site-post-title":"disabled","ast-breadcrumbs-content":"","ast-featured-img":"disabled","footer-sml-layout":"disabled","ast-disable-related-posts":"","theme-transparent-header-meta":"","adv-header-id-meta":"","stick-header-meta":"","header-above-stick-meta":"","header-main-stick-meta":"","header-below-stick-meta":"","astra-migrate-meta-layouts":"default","ast-page-background-enabled":"default","ast-page-background-meta":{"desktop":{"background-color":"var(--ast-global-color-5)","background-image":"","background-repeat":"repeat","background-position":"center center","background-size":"auto","background-attachment":"scroll","background-type":"","background-media":"","overlay-type":"","overlay-color":"","overlay-opacity":"","overlay-gradient":""},"tablet":{"background-color":"","background-image":"","background-repeat":"repeat","background-position":"center center","background-size":"auto","background-attachment":"scroll","background-type":"","background-media":"","overlay-type":"","overlay-color":"","overlay-opacity":"","overlay-gradient":""},"mobile":{"background-color":"","background-image":"","background-repeat":"repeat","background-position":"center center","background-size":"auto","background-attachment":"scroll","background-type":"","background-media":"","overlay-type":"","overlay-color":"","overlay-opacity":"","overlay-gradient":""}},"ast-content-background-meta":{"desktop":{"background-color":"var(--ast-global-color-4)","background-image":"","background-repeat":"repeat","background-position":"center center","background-size":"auto","background-attachment":"scroll","background-type":"","background-media":"","overlay-type":"","overlay-color":"","overlay-opacity":"","overlay-gradient":""},"tablet":{"background-color":"var(--ast-global-color-4)","background-image":"","background-repeat":"repeat","background-position":"center center","background-size":"auto","background-attachment":"scroll","background-type":"","background-media":"","overlay-type":"","overlay-color":"","overlay-opacity":"","overlay-gradient":""},"mobile":{"background-color":"var(--ast-global-color-4)","background-image":"","background-repeat":"repeat","background-position":"center center","background-size":"auto","background-attachment":"scroll","background-type":"","background-media":"","overlay-type":"","overlay-color":"","overlay-opacity":"","overlay-gradient":""}},"footnotes":""},"class_list":["post-1619","page","type-page","status-publish","hentry"],"_links":{"self":[{"href":"https:\/\/eijiro-z.fr\/index.php\/wp-json\/wp\/v2\/pages\/1619","targetHints":{"allow":["GET"]}}],"collection":[{"href":"https:\/\/eijiro-z.fr\/index.php\/wp-json\/wp\/v2\/pages"}],"about":[{"href":"https:\/\/eijiro-z.fr\/index.php\/wp-json\/wp\/v2\/types\/page"}],"author":[{"embeddable":true,"href":"https:\/\/eijiro-z.fr\/index.php\/wp-json\/wp\/v2\/users\/1"}],"replies":[{"embeddable":true,"href":"https:\/\/eijiro-z.fr\/index.php\/wp-json\/wp\/v2\/comments?post=1619"}],"version-history":[{"count":141,"href":"https:\/\/eijiro-z.fr\/index.php\/wp-json\/wp\/v2\/pages\/1619\/revisions"}],"predecessor-version":[{"id":4268,"href":"https:\/\/eijiro-z.fr\/index.php\/wp-json\/wp\/v2\/pages\/1619\/revisions\/4268"}],"wp:attachment":[{"href":"https:\/\/eijiro-z.fr\/index.php\/wp-json\/wp\/v2\/media?parent=1619"}],"curies":[{"name":"wp","href":"https:\/\/api.w.org\/{rel}","templated":true}]}}